- 120. What is the hundreds digit of o(v)?
2
Suppose -4*f + 0*k = k + 238, 2*k - 184 = 3*f. Let z be (-242)/(-2)*(-1)/6*-6. Let u = z + f. What is the tens digit of u?
6
Let n(f) = f**3 - 9*f**2 - 11*f + 64. Let u be n(12). Suppose 2*v + 4*k = u, 5*v - k = 3*v + 374. What is the units digit of v?
6
Suppose -3*o + 3533 + 5785 = 0. Suppose -20*t + 9986 = o. Let j = 556 - t. What is the units digit of j?
2
Suppose -2*v + 4 = -4. Let g(o) be the third derivative of 11*o**4/12 + o**3/6 + 28*o**2 - 2. What is the units digit of g(v)?
9
Let i be -120*(8/60*-3 + 0). Suppose 0 = 2*a - 2*h - 16, 4*h - 7*h = 3*a - i. What is the tens digit of a?
1
Suppose 9*j = -17*j + 393822. Suppose 5467 - j = -10*u. What is the units digit of u?
8
Suppose 2*m = s + 1368 - 5816, 2*s = -5*m + 8869. What is the tens digit of s?
4
Let s(i) = 8*i**2 + 14*i - 11. Let j be s(5). Suppose -5*r = -j - 431. What is the tens digit of r?
3
Let a(u) = -15*u - 272. Let o(z) = 76*z + 1362. Let q(x) = 11*a(x) + 2*o(x). What is the hundreds digit of q(-31)?
1
Let i = 165937 - 101197. What is the ten thousands digit of i?
6
Let a(q) = q**2 - 32*q + 1673. What is the tens digit of a(42)?
9
Let l = 55 + -65. Let d = l + 372. What is the units digit of d?
2
Let a(k) = 646*k**2 - 79*k + 511. What is the thousands digit of a(7)?
1
Suppose -5*f + 196344 - 43783 = -q, 0 = -4*f + 2*q + 122050. What is the thousands digit of f?
0
Suppose 70*o - 7310002 = -109*o. What is the hundreds digit of o?
8
Suppose -368*i = -350*i - 354978. What is the hundreds digit of i?
7
Suppose 0 = -2*f + 3*q + 2275, 10*f = 11*f + 5*q - 1118. What is the thousands digit of f?
1
Suppose 4*w + 4*c - 64 = -0*c, -4*w + 3*c + 85 = 0. Suppose -w*z + 55 = -116. What is the units digit of z?
9
Let y(f) = 13*f - 75. Let o be y(5). What is the hundreds digit of (24768/320)/(-1 - 12/o)?
3
Let y(m) = 7*m**2 - 24*m + 64. Let f(k) = -4*k**2 + 12*k - 32. Let r(a) = 5*f(a) + 3*y(a). Let q = -2038 + 2047. What is the units digit of r(q)?
5
Suppose 3*t + 196 = 52. What is the tens digit of 954/4 + 8/t*3?
3
Let c(m) = m**3 + 4*m**2 + 28099*m + 0 - 28096*m - 7. Let i(t) = t - 1. Let r be i(5). What is the tens digit of c(r)?
3
Suppose -10*d + 936 = 29*d. Suppose -556 + 8596 = d*v. What is the tens digit of v?
3
Let l(q) = -q**2 - 6*q + 3. Let h be l(-5). Suppose -h = -o - 7. What is the units digit of 5 + (o + -3 - -5)?
8
Suppose 7*v = 8*v - 3. Suppose v*h = 4*b - 31, -9 = -5*b - h + 6. What is the units digit of 1*34/4*(6 - b)?
7
Let z be ((-10)/(-8))/(34/816). Suppose 0 = 46*t - z*t - 12176. What is the tens digit of t?
6
Suppose -15*c = -56 - 889. Let w = c - -62. Suppose 2*p = 3*z + p - 186, 2*z - w = p. What is the tens digit of z?
6
Let u = 691 - 628. Suppose 0 = -u*k + 66*k - 840. What is the hundreds digit of k?
2
Let h(g) = -g**3 + 3*g**2 - 110*g + 33826. What is the hundreds digit of h(0)?
8
Let f be (-11477)/(-3) - (-14)/(-147)*7. Let t = 5507 - f. What is the units digit of t?
2
Let y = -263 - -266. Suppose y*t - 1257 = -j, -2*t - 5*j + 571 = -267. What is the units digit of t?
9
Suppose 3*f = l - 1 + 11, -4*l = -4*f. Let h be ((-5)/(50/(-4)))/(1/f). Suppose 3*t - h*b - 329 = 0, -544 = -3*t - 4*b - 185. What is the units digit of t?
3
Let c(m) = -m**2 + 25*m - 54. Let v be c(22). Let h = v - 15. Let w = h + 7. What is the units digit of w?
4
Suppose -747439 - 197932 = -41*u + 46091. What is the units digit of u?
2
Let u = -421 + 741. Suppose 14*x - u = 12*x. What is the units digit of x?
0
Let p(c) = 113*c**2 + c - 5. Let h be p(-2). Suppose -12*u = 95 + h. What is the units digit of 2 + (5 - u/5)?
6
Suppose -u + 3*u + m + 13 = 0, -u + 5*m + 21 = 0. Let h be 5 + u + -4 - -8. Suppose h*z = -5*z + 680. What is the tens digit of z?
6
Let r(b) = 92*b + 883. What is the tens digit of r(3)?
5
Suppose 0 = 2*x - 4*x. Suppose x*n + 5 = -n, s + 8 = 2*n. What is the units digit of ((-25)/3 + 24/s)*-9?
7
Suppose 9*v - 13*v - 2*v + 237192 = 0. What is the thousands digit of v?
9
Let i = -15453 + 55984. What is the units digit of i?
1
Let q(f) be the first derivative of 23*f**3/3 + 4*f**2 - 40*f - 47. Let d be q(-9). Suppose 2*u - 2*y = 444, -638 = 5*u - 4*y - d. What is the units digit of u?
5
Suppose -26*l = -29 - 153. Suppose -l*b + 1947 = -2288. What is the hundreds digit of b?
6
Suppose 38*k - 40 = 40*k. What is the tens digit of (-5)/k*4 - -193?
9
Suppose -15*h - h = -336. Suppose -h*f = -16*f. Suppose f = 5*y + 3 - 58. What is the units digit of y?
1
Suppose -136*s - 199*s = -6613570. What is the hundreds digit of s?
7
Suppose -18*z = -4*z. Suppose z = 28*o - 4658 - 6794. What is the units digit of o?
9
Let c(b) = 216*b - 20. Let w be c(-2). What is the hundreds digit of (7 - 84/14)/((-2)/w)?
2
Suppose 2*s - 466 = -h, 665 = 5*s - 3*h - 511. Suppose 0 = -s*z + 226*z + 56. What is the units digit of z?
7
Suppose 0*g = -2*g. Suppose 0 = -20*f + 1418 + 1842 + 820. Suppose 136 = -g*y + 2*y - 4*v, 0 = 3*y + v - f. What is the units digit of y?
8
Suppose -3*y = -4*k - 52854, 0 = 2*y - 12*k + 8*k - 35236. What is the units digit of y?
8
Suppose 28*c - 192 = 4*c. What is the tens digit of 24786/136 - 2/c?
8
Suppose 5*f - 3*v - 30 = 0, -f - 2*f - 3*v = -42. Let x(z) = 20*z + 66. What is the hundreds digit of x(f)?
2
What is the thousands digit of 29*(396 + 19 + -24)?
1
Let u = 37 - 34. Suppose -z - 2*z + u = 0. What is the units digit of -1*z*-9*8?
2
Let s = 437 + -333. What is the tens digit of 1*(s/12)/(4/258)?
5
Let v = 48343 - 25852. What is the tens digit of v?
9
Let c(r) = 2*r**2 + 7*r - 8. Let n = -43 + 46. Let w be c(n). Let h = 30 + w. What is the tens digit of h?
6
Let w = 10150 + 2661. What is the hundreds digit of w?
8
Suppose 4*c - 3*q + 101 + 2 = 0, 0 = 4*q - 4. What is the units digit of 145*((-305)/c + -7)?
4
Suppose 2550*p = 2545*p - 2*f + 198370, p - 39701 = 5*f. What is the ten thousands digit of p?
3
Suppose -3*g = -408 + 2130. What is the hundreds digit of (-8 + g/(-8))/(1/4)?
2
Let f = -303 - -303. Let c(r) = -21*r + 685. What is the units digit of c(f)?
5
Let a(w) = -6*w - 66. Let x be a(-10). Let i(z) = -2*z**3 - 10*z**2 - 8*z - 11. What is the tens digit of i(x)?
0
Suppose -5*f + 122 = 4*j, 0*f = -j + f + 26. Let t be 2 - -2 - j/4. What is the units digit of t*3/(-9) + 75?
6
Let a(p) = 7*p - 76. Let g be a(12). Suppose -2*t + g = 4*l - 262, -l = -t + 141. What is the units digit of t?
9
Suppose -2*o = -8*o + 44308 + 16994. What is the units digit of o?
7
Let t = 381 + -230. Suppose 2*i - 175 = -z - 2*i, -4*i = -z + t. Suppose -6*v + 17 + z = 0. What is the units digit of v?
0
Let i(x) = -x**3 + x**2 + 5*x. Let w be i(3). Let s be w + (1708/(-8) - (-1)/(-2)). What is the units digit of s/(-21)*6/2?
1
Let i = -52065 + 81056. What is the ten thousands digit of i?
2
Suppose -4*s - 155*n + 154*n = -116, -4*n - 68 = -3*s. Suppose -197 = 4*o + 207. Let c = s - o. What is the hundreds digit of c?
1
Let p(j) = -j**2 - 12*j + 90. Let k be p(-17). Suppose -n = -k, -10*a + 11*a = 5*n + 800. What is the units digit of a?
5
Let y = 76033 + -37857. What is the ten thousands digit of y?
3
Let j = 75 - 11. Let q = j - 68. Let s(b) = 16*b**2 - 10. What is the units digit of s(q)?
6
Let y(k) = -7 - 4*k - 7 + 0 + 6. Let b be y(-2). What is the hundreds digit of (-2 - -155) + -3 + -3 + b?
1
Suppose -12 + 32 = 5*x. Suppose -3*k - x*t + 23 = 0, -5*k + 46 = 2*t - 3*t. Suppose k*j = -j + 1920. What is the tens digit of j?
9
Suppose -3*k + 3024 = 6*k. Suppose 0 = 8*w - 2816 - k. What is the units digit of w?
4
Let t(u) = -9*u + 51. Let b be t(6). Let a(s) = -261*s - 71. What is the hundreds digit of a(b)?
7
Suppose 5*r = 4*v + 198, -2 = -5*v - 12. Suppose -r*m = -40*m + 324. What is the tens digit of m?
6
Suppose 3*b = -9, w - 7 + 3 = -2*b. What is the tens digit of (-428)/6*((-35)/w + 2)?
0
Let i(y) = -y**2 + 27*y + 814. Let r = 368 - 368. What is the hundreds digit of i(r)?
8
Let j(p) = 23*p**3 + 4*p**2 + 4*p - 189. What is the units digit of j(7)?
4
What is the hundreds digit of (-16)/2 + 0 + (-45360)/(-270)?
1
Let y(t) be the second derivative of -89*t**3/6 + t**2 + 6*t. Let x be y(-2). Let r = -78 + x. What is the units digit of r?
2
Let j = 1 + 4. Suppose -3*k + 1704 = 4*q, k = j*q + 4*k - 2127. What is the tens digit of q?
2
Let i 